e prime factors of 1103978.
2, 61, 9049
What are the prime factors of 3665604?
2, 3, 251, 1217
What are the prime factors of 320169?
3, 19, 41, 137
What are the prime factors of 548157?
3, 73, 2503
What are the prime factors of 399465?
3, 5, 11, 269
List the prime factors of 34140.
2, 3, 5, 569
What are the prime factors of 180713?
13, 13901
List the prime factors of 21653124.
2, 3, 137, 13171
List the prime factors of 169424.
2, 10589
What are the prime factors of 7746516?
2, 3, 23909
List the prime factors of 916759.
17, 53927
List the prime factors of 6953633.
103, 67511
What are the prime factors of 7119798?
2, 3, 7, 61, 397
What are the prime factors of 116838?
2, 3, 6491
List the prime factors of 21257961.
3, 67, 105761
What are the prime factors of 2222339?
7, 73, 4349
List the prime factors of 739661.
13, 56897
List the prime factors of 4956296.
2, 619537
What are the prime factors of 11003223?
3, 7, 11, 19, 23, 109
What are the prime factors of 69030?
2, 3, 5, 13, 59
What are the prime factors of 1724317?
7, 313, 787
What are the prime factors of 4933681?
31, 167, 953
List the prime factors of 817071.
3, 17, 37, 433
List the prime factors of 868464.
2, 3, 37, 163
What are the prime factors of 24067414?
2, 7, 19, 173, 523
List the prime factors of 385234.
2, 192617
List the prime factors of 529237.
529237
List the prime factors of 15963693.
3, 307, 17333
What are the prime factors of 11517873?
3, 191, 20101
What are the prime factors of 550321?
23, 71, 337
What are the prime factors of 10382745?
3, 5, 107, 6469
List the prime factors of 646786.
2, 7, 46199
What are the prime factors of 8753741?
8753741
List the prime factors of 311141.
29, 10729
List the prime factors of 901740.
2, 3, 5, 7, 19, 113
What are the prime factors of 1617210?
2, 3, 5, 7, 17, 151
What are the prime factors of 2285825?
5, 91433
What are the prime factors of 11281267?
11281267
What are the prime factors of 206995?
5, 41399
List the prime factors of 388546.
2, 131, 1483
What are the prime factors of 4656090?
2, 3, 5, 155203
List the prime factors of 3644320.
2, 5, 22777
List the prime factors of 252662.
2, 19, 61, 109
What are the prime factors of 19179099?
3, 236779
List the prime factors of 9504854.
2, 709, 6703
What are the prime factors of 1682493?
3, 29, 83, 233
List the prime factors of 1083232.
2, 33851
List the prime factors of 1545198.
2, 3, 17, 15149
List the prime factors of 17197482.
2, 3, 2866247
List the prime factors of 6243.
3, 2081
What are the prime factors of 5031397?
7, 41, 47, 373
List the prime factors of 101.
101
What are the prime factors of 70952?
2, 7, 181
What are the prime factors of 3487682?
2, 11, 47, 3373
What are the prime factors of 1833878?
2, 916939
What are the prime factors of 139881?
3, 7, 6661
List the prime factors of 309293.
309293
List the prime factors of 1344231.
3, 7, 19, 1123
List the prime factors of 59963.
61, 983
What are the prime factors of 160887?
3, 53629
What are the prime factors of 739044?
2, 3, 2281
List the prime factors of 582380.
2, 5, 37, 787
What are the prime factors of 18228420?
2, 3, 5, 7, 17, 23, 37
What are the prime factors of 2118976?
2, 113, 293
List the prime factors of 2890099.
31, 93229
List the prime factors of 2741127.
3, 913709
What are the prime factors of 38842855?
5, 139, 55889
What are the prime factors of 445068?
2, 3, 13, 317
List the prime factors of 4119061.
4119061
What are the prime factors of 1541868?
2, 3, 128489
List the prime factors of 3135833.
3135833
List the prime factors of 1476078.
2, 3, 37, 61, 109
List the prime factors of 1982523.
3, 17, 38873
What are the prime factors of 1390354?
2, 7, 47, 2113
What are the prime factors of 21622650?
2, 3, 5, 7, 20593
What are the prime factors of 329641?
13, 25357
List the prime factors of 2500886.
2, 1250443
What are the prime factors of 11168151?
3, 79, 47123
List the prime factors of 10853970.
2, 3, 5, 361799
List the prime factors of 91024.
2, 5689
What are the prime factors of 1506266?
2, 753133
What are the prime factors of 390313?
7, 11, 37, 137
List the prime factors of 290498.
2, 13, 11173
List the prime factors of 46916.
2, 37, 317
What are the prime factors of 143233?
43, 3331
List the prime factors of 129236.
2, 32309
What are the prime factors of 373467?
3, 124489
List the prime factors of 5261942.
2, 7, 17, 22109
List the prime factors of 11981514.
2, 3, 19, 227, 463
What are the prime factors of 81537?
3, 27179
List the prime factors of 5965990.
2, 5, 596599
List the prime factors of 2031815.
5, 383, 1061
What are the prime factors of 91239?
3, 17, 1789
What are the prime factors of 102704?
2, 7, 131
List the prime factors of 886362.
2, 3, 147727
List the prime factors of 96187.
7, 13, 151
What are the prime factors of 10890055?
5, 11, 389, 509
What are the prime factors of 618427?
521, 1187
List the prime factors of 134809.
113, 1193
List the prime factors of 1043475.
3, 5, 13913
What are the prime factors of 562646?
2, 7, 40189
What are the prime factors of 430133?
11, 39103
List the prime factors of 4499461.
997, 4513
What are the prime factors of 1625737?
709, 2293
What are the prime factors of 3727574?
2, 1863787
What are the prime factors of 144374?
2, 37, 1951
List the prime factors of 146925.
3, 5, 653
List the prime factors of 86838.
2, 3, 41, 353
List the prime factors of 1086158.
2, 71, 7649
List the prime factors of 10817557.
61, 177337
List the prime factors of 507766.
2, 7, 36269
List the prime factors of 295893.
3, 13, 281
What are the prime factors of 21769346?
2, 139, 78307
List the prime factors of 120041.
120041
What are the prime factors of 24927257?
509, 48973
What are the prime factors of 204377?
204377
What are the prime factors of 15085903?
7, 2155129
List the prime factors of 4582330.
2, 5, 503, 911
What are the prime factors of 164300?
2, 5, 31, 53
List the prime factors of 4191001.
19, 220579
What are the prime factors of 224649?
3, 109, 229
List the prime factors of 7871954.
2, 31, 126967
List the prime factors of 641687.
19, 33773
What are the prime factors of 556550?
2, 5, 11131
List the prime factors of 181390.
2, 5, 11, 17, 97
What are the prime factors of 2401770?
2, 3, 5, 7, 11437
List the prime factors of 29754676.
2, 7, 673, 1579
List the prime factors of 4856788.
2, 1214197
List the prime factors of 34874.
2, 7, 47, 53
List the prime factors of 224202.
2, 3, 11, 43, 79
What are the prime factors of 19219719?
3, 6406573
List the prime factors of 3017858.
2, 1508929
What are the prime factors of 822457?
23, 35759
What are the prime factors of 61816?
2, 7727
What are the prime factors of 1753587?
3, 11, 17713
What are the prime factors of 1066971?
3, 17, 20921
What are the prime factors of 312586?
2, 73, 2141
List the prime factors of 4943937.
3, 1049, 1571
What are the prime factors of 301816?
2, 31, 1217
List the prime factors of 8252251.
7, 19, 62047
What are the prime factors of 792665?
5, 59, 2687
List the prime factors of 5296038.
2, 3, 11, 29, 2767
What are the prime factors of 7153?
23, 311
What are the prime factors of 721043?
721043
What are the prime factors of 575834?
2, 7, 41131
What are the prime factors of 203580?
2, 3, 5, 13, 29
List the prime factors of 310569.
3, 7, 23, 643
What are the prime factors of 1731092?
2, 11, 39343
List the prime factors of 1718552.
2, 11, 59, 331
List the prime factors of 180225.
3, 5, 89
What are the prime factors of 21079803?
3, 181, 38821
List the prime factors of 6785992.
2, 17, 41, 1217
What are the prime factors of 6624570?
2, 3, 5, 461, 479
What are the prime factors of 14700572?
2, 31, 103, 1151
List the prime factors of 1077560.
2, 5, 11, 31, 79
What are the prime factors of 6185194?
2, 3092597
List the prime factors of 260939.
7, 37277
What are the prime factors of 756996?
2, 3, 199, 317
List the prime factors of 22694355.
3, 5, 113, 4463
What are the prime factors of 451113?
3, 13, 43, 269
What are the prime factors of 25147316?
2, 6286829
What are the prime factors of 12199397?
7, 1742771
List the prime factors of 23098933.
11, 13, 161531
List the prime factors of 704416.
2, 22013
List the prime factors of 1023192.
2, 3, 1579
List the prime factors of 458678.
2, 11, 20849
What are the prime factors of 357403?
241, 1483